698209
In base 5, what is 40123441 + 102?
40124043
In base 15, what is -3505 + -435?
-393a
In base 6, what is 1052312253 - -5?
1052312302
In base 6, what is 205 - -14452?
15101
In base 13, what is -1c1 + 661c7?
66006
In base 16, what is e - 54a0f?
-54a01
In base 16, what is 4 - -21f905?
21f909
In base 10, what is 1479412368 + 2?
1479412370
In base 9, what is -541 - -435822?
435271
In base 5, what is -11422 - -23102210?
23040233
In base 8, what is -4102 - 11561?
-15663
In base 12, what is a + 29540134?
29540142
In base 8, what is 313 - -615775?
616310
In base 8, what is 3 - 133061100?
-133061075
In base 11, what is 47780 + 143?
47913
In base 15, what is -11d73d + 1e?
-11d71e
In base 7, what is 10241 - 50503?
-40232
In base 8, what is -1017062 - 1035?
-1020117
In base 13, what is -45 + -8072?
-80b7
In base 15, what is -1 + 6db024?
6db023
In base 5, what is -1204 + 1423030?
1421321
In base 13, what is -125b + -676?
-1904
In base 4, what is 0 + -121111210323?
-121111210323
In base 12, what is -672 - 87?
-739
In base 3, what is 1000100110002122 - 20?
1000100110002102
In base 16, what is -4cd + 55?
-478
In base 16, what is 69 - ad67f?
-ad616
In base 12, what is 25a89 + -63a7?
1b6a2
In base 11, what is 615 + -136680?
-136066
In base 3, what is -21001001111020 + 10?
-21001001111010
In base 4, what is 130331332201 + 11?
130331332212
In base 15, what is -e + -3306ec?
-33070b
In base 10, what is 4240 + 507?
4747
In base 2, what is 11001001101010110 + 101001?
11001001101111111
In base 16, what is 0 - 2464d8?
-2464d8
In base 13, what is -18 - 2c614b?
-2c6166
In base 2, what is -110100001 + -1001011001111010?
-1001100000011011
In base 8, what is -1330640 - 3?
-1330643
In base 5, what is 31 + 224344122?
224344203
In base 9, what is -3 + 46410413?
46410410
In base 16, what is 4f1bf5 + -25?
4f1bd0
In base 4, what is -3 + 22030221011120?
22030221011111
In base 9, what is 141 - 1468357?
-1468216
In base 4, what is -123232101 + 311?
-123231130
In base 13, what is -b4a008 - -112?
-b49bc6
In base 16, what is 194 + 4b54?
4ce8
In base 7, what is 31 + -10421340?
-10421306
In base 15, what is -b - -6185a?
6184e
In base 15, what is 855379 + b?
855385
In base 10, what is -4650939 + 62?
-4650877
In base 11, what is -6a40a34 - -2?
-6a40a32
In base 2, what is 101110011000110000 + 11?
101110011000110011
In base 16, what is 1dda7 - -3?
1ddaa
In base 4, what is 10 - 31011033121?
-31011033111
In base 14, what is -8 + 270767?
27075d
In base 3, what is 2021202221010 - -1010?
2021202222020
In base 14, what is -82da + 6508?
-1bd2
In base 10, what is -106641 - -3005?
-103636
In base 13, what is 85237 - 4cc?
84a38
In base 10, what is -23226 - -2711?
-20515
In base 8, what is -6 + -74632460?
-74632466
In base 7, what is 2612216 + 6?
2612225
In base 15, what is -89c - 178c?
-2139
In base 15, what is -b35 - 58bc?
-6502
In base 16, what is -24325 - 3c?
-24361
In base 9, what is 154 + 138855?
140120
In base 14, what is 7 - 2d86a19?
-2d86a12
In base 3, what is -20110100 + -12102022?
-102212122
In base 14, what is -28c0 + -3a45?
-6525
In base 10, what is -9908 + -3953?
-13861
In base 7, what is -165 - -261052?
260554
In base 15, what is 1b9ee0 - 73?
1b9e6c
In base 11, what is -a - -903980?
903971
In base 9, what is -3 + -8021088?
-8021102
In base 11, what is 345aa66 - 2?
345aa64
In base 16, what is -4a696cb - 0?
-4a696cb
In base 2, what is -101110111100100111 - 11100?
-101110111101000011
In base 9, what is -140 + -4268760?
-4270010
In base 2, what is 101100110000110010000 - 10010?
101100110000101111110
In base 10, what is 1523398 + 2?
1523400
In base 8, what is -7 + -4237520?
-4237527
In base 16, what is -14a - 9eba?
-a004
In base 10, what is 13125 + -8012?
5113
In base 16, what is -5 + -45d7d2?
-45d7d7
In base 13, what is -1 + 60a1c5?
60a1c4
In base 10, what is 21 - -583382?
583403
In base 4, what is -101300 - 11030320301?
-11031022201
In base 8, what is -415 + 4416?
4001
In base 16, what is 4010f2 - 4?
4010ee
In base 10, what is -1798 - -3020?
1222
In base 4, what is 2 + 3313302112331?
3313302112333
In base 7, what is -1063 + -200306?
-201402
In base 12, what is 604960b4 - 2?
604960b2
In base 7, what is -63610530 - 5?
-63610535
In base 8, what is 1 + 1042057240?
1042057241
In base 9, what is 66831 + -1175?
65645
In base 11, what is 21 - -261825?
261846
In base 15, what is 5 - 10771cc8?
-10771cc3
In base 7, what is 2 - -1200212310?
1200212312
In base 2, what is 1001011101 - -11001010000111010?
11001011010010111
In base 14, what is -2 + 577b46?
577b44
In base 7, what is -5151223365 - -1?
-5151223364
In base 2, what is -10011100011100001010 + 0?
-10011100011100001010
In base 4, what is 11 + 1032001030332?
1032001031003
In base 10, what is 5 + 58767532?
58767537
In base 15, what is -1a + -1c64cba?
-1c64cd5
In base 11, what is 1a95137 - 8?
1a9512a
In base 15, what is 387 - -3beb3?
3c34a
In base 8, what is 24232444 + -4?
24232440
In base 13, what is -b - 2581a?
-25828
In base 4, what is -32123 - -1021?
-31102
In base 9, what is -386708 + -4?
-386713
In base 11, what is -7 + 385548?
385541
In base 4, what is -302312202 - 2300?
-302321102
In base 6, what is -204413 - 11553?
-220410
In base 2, what is -101111111100 - 101010100000?
-1011010011100
In base 11, what is 917 - 1682?
-866
In base 10, what is -521049 + -24?
-521073
In base 16, what is -248886 + -1?
-248887
In base 10, what is -615941 + 55?
-615886
In base 5, what is -10 + -224141043?
-224141103
In base 15, what is -2098b05 + 1?
-2098b04
In base 7, what is -345601 - 35452?
-414353
In base 14, what is -4 - -5c4127?
5c4123
In base 16, what is c + -27a993?
-27a987
In base 11, what is -367537201 - -1?
-367537200
In base 5, what is -112330 - 1120000?
-1232330
In base 4, what is 3003310232311 - 2?
3003310232303
In base 15, what is -31 - -b69371?
b69340
In base 15, what is 1c8 - -370a?
38d3
In base 4, what is 103123001030 + -101?
103123000323
In base 8, what is -30022340 - 30?
-30022370
In base 16, what is -f08e - 23b?
-f2c9
In base 9, what is -65 + 610344?
610268
In base 16, what is 1 - 249ab6?
-249ab5
In base 13, what is -947613 + -4?
-947617
In base 3, what is 200121112020 + -2111?
200121102202
In base 6, what is -45 + -30023?
-30112
In base 16, what is -18be + 6ba?
-1204
In base 12, what is 4456b5236 - -3?
4456b5239
In base 12, what is -40 + -20b147?
-20b187
In base 5, what is 1334221313 + 230?
1334222043
In base 10, what is -247777 + 62?
-247715
In base 6, what is -22331 - -230150?
203415
In base 10, what is -10959228 + -4?
-10959232
In base 14, what is -159370c - -9?
-1593703
In base 13, what is -25a120 + -18?
-25a138
In base 13, what is 4 + -71171b2?
-71171ab
In base 13, what is 119691 - -143?
119804
In base 11, what is -5 - -3858542a?
38585425
In base 12, what is -4 - -393110?
393108
In base 10, what is -1008 - 76237?
-77245
In base 15, what is 5e36e927 - 3?
5e36e924
In base 11, what is 12747 - -38064?
4a800
In base 11, what is 8728607 - 0?
8728607
In base 14, what is 16aa3b + -12?
16aa29
In base 6, what is 11423432205 - -4?
11423432213
In base 12, what is -41a86b4 + 2?
-41a86b2
In base 11, what is -16a4290 - -4?
-16a4287
In base 12, what is 266805a + -1?
2668059
In base 10, what is 37 + -2235428?
-2235391
In base 8, what is 21025562 - 4?
21025556
In base 7, what is -132505 - -302?
-132203
In base 13, what is -190622 + -60?
-190682
In base 2, what is -101 + 101010100011011100100?
101010100011011011111
In base 4, what is -10213233 - 312310?
-11132203
In base 13, what is 29 + -8681c32?
-8681c06
In base 14, what is -176 + 5434?
529c
In base 6, what is -1535 + -223540?
-225515
In base 5, what is 1121 - -324341?
331012
In base 13, what is -98c + -ccb99?
-100858
In base 5, what is 10 - 224223424?
-224223414
In base 5, what is -1322414 + -2244?
-1330213
In base 9, what is 13883073 + 4?
13883077
In base 15, what is -1b51b - -127?
-1b3e4
In base 4, what is -30 - 233023220102?
-233023220132
In base 8, what is -3022565 - -127?
-3022436
In base 5, what is 424100100 + -101?
424044444
In base 5, what is 23103030420 - -4?
23103030424
In base 2, what is 10 - -10101011010011001011011101?
10101011010011001011011111
In base 16, what is -b5d - 5304?
-5e61
In base 7, what is 2 - 2361326?
-2361324
In base 7, what is 253546564 - 5?
253546556
In base 10, wh